Let v be (-28)/(-3)*u/49. Calculate the highest common factor of v and 18.
18
Let d(g) = 2*g**3 - 3*g**2 - 8*g + 17. Let n be d(2). Suppose a - 31 = v, n*a + 4*v = -12 + 131. Calculate the highest common divisor of a and 90.
9
Let c be ((-248)/(-155))/((-12)/(-15)). Suppose -3*x + 3*h = -c*x - 17, 2*h - 124 = -4*x. Let r = 19 - -10. Calculate the highest common factor of x and r.
29
Let c be (9/(10/(-518)*1))/((-6)/20). What is the highest common factor of 210 and c?
42
Let s(t) = -3309*t - 12449. Let f be s(-5). Calculate the highest common divisor of 8 and f.
8
Let h be 2*(-3)/(-2) + 2 + -2. Suppose h*f = 19*f - 1792. What is the greatest common factor of f and 16?
16
Let y(u) = 2*u + 76. Let x = 61 - 86. Let w be y(x). Suppose -5*t - 5*z + 2*z = -80, 2*t - 16 = 2*z. What is the greatest common factor of t and w?
13
Let a = -44 + 22. Let k be a + 1 - (-5 + 2). Let d be k + 19 - (-2 + -54). Calculate the highest common divisor of d and 38.
19
Let z(v) = -30 + 12 - 36 - 31 - 3*v. Let l be z(-35). Calculate the greatest common divisor of l and 4.
4
Suppose -5*l = -3*r - 4*l - 103, -3*l = 6. Let s be 5264/20 - 28/r. What is the greatest common divisor of s and 33?
33
Let d be 2/6 + 0 - ((-59937)/9 + 0). What is the greatest common divisor of 180 and d?
180
Suppose 5088 = 4*c - 3*r, 82*c + 3*r - 3837 = 79*c. What is the greatest common factor of c and 153?
51
Let b = -9801 + 9981. What is the highest common divisor of 3690 and b?
90
Suppose 11*v = 179 - 36. Suppose -k + 6*k = -4*d + 59, k + 2*d = v. Suppose -5*r - 715 = -10*r. Calculate the highest common factor of k and r.
11
Suppose -v + 5*y = 20, 3*v - 5*y = -2*y. Suppose -8*i - 24 = -v*i. Let c be 204 + -5 + i/(-2). Calculate the highest common factor of c and 29.
29
Let r(p) = -p + 22. Let h be r(13). Suppose -9*j + 0*j = h. Let n be -1 + (-41 + 0)*j. What is the highest common factor of 8 and n?
8
Let v(k) = 6*k - 38. Let h be v(7). Suppose 5*q + 4*b - 67 - 140 = 0, q - h*b - 51 = 0. Calculate the greatest common divisor of 473 and q.
43
Let g(y) = 5*y + 34. Let d be g(-6). Suppose -376 = d*j + 4. Let u = j + 205. Calculate the greatest common factor of u and 11.
11
Let g(q) = q**3 - 3*q**2 - 20*q - 48. Let m be g(7). Calculate the greatest common divisor of 5996 and m.
4
Let o = 43 - 25. Suppose 3*p - 72 = 2*p - 3*g, -2*p + 152 = 4*g. Suppose p = 6*u - 24. What is the highest common factor of u and o?
18
Let l be -1*4 + (2 + -8 - 1067/(-11)). Calculate the greatest common divisor of l and 3480.
87
Let y(j) = j**3 + 17*j**2 - 7*j + 3. Let b be y(-18). Let x be 5 + (-66)/12 - b/10. What is the highest common factor of 323 and x?
19
Suppose -12*w + 48 = -9*w. Let j(b) = 4*b**2 - 6*b + 4. Let d be j(2). What is the highest common factor of w and d?
8
Let g = -438 - -541. Suppose 5*l = -0*l + 4*a + g, 2*l - 2*a - 40 = 0. What is the highest common factor of l and 299?
23
Let o(q) = q**3 - 2*q**2 - 8*q - 6. Let j be o(4). Let r be 9*(-13)/j*32/3. Suppose -72 + r = 8*s. Calculate the greatest common factor of 68 and s.
17
Let i(z) = 653*z + 745. Let m be i(9). Calculate the highest common divisor of m and 462.
154
Suppose -521167 = -37*b - 48751. Calculate the highest common factor of b and 448.
224
Suppose 3*j + 36 = 3*z, j = 3*z - 3*j - 34. Suppose 12*b - z*b = -10. Suppose -22 = -b*m + 103. What is the highest common factor of 25 and m?
25
Let c be (-34)/3*-1*18. Let b be ((-84)/48 - 20/(-16)) + (-75)/(-6). What is the greatest common factor of c and b?
12
Let m = 500 + -148. Let s = -44624 + 44668. Calculate the greatest common factor of m and s.
44
Let z = 250 - 198. Calculate the greatest common factor of z and 7852.
52
Suppose -1227*p = -1231*p + 28. Suppose -p*a + 323 = -587. Calculate the greatest common divisor of 52 and a.
26
Suppose 0 = 10*q - 103 + 23. Suppose -3*i = -q*i + 230. Let t be (71*-1 - -2)*-1. What is the greatest common divisor of i and t?
23
Suppose 67*i - 76156 = 136281 + 36267. Calculate the highest common factor of i and 2088.
232
Let z(x) = x**2 + 14*x - 326. Let d be z(14). Suppose 5*m = 5, 3*m + 9 = h + h. What is the greatest common factor of h and d?
6
Suppose 0 = 3*q - 5*k - 130, -50*q + 52*q = -5*k + 95. What is the greatest common factor of q and 22095?
45
Suppose -662*y - 11638 = -685*y. Calculate the greatest common factor of y and 88.
22
Let n = 339 + -332. Suppose 4 + 199 = n*t. Suppose 4*i = -5*o + 489 + 252, 4*i = 16. What is the highest common factor of t and o?
29
Suppose 2*h - 11*y = -7*y + 1956, -4*h = 3*y - 3956. What is the highest common factor of h and 116?
58
Let z = 4496 + -4492. What is the greatest common factor of 484 and z?
4
Suppose -5*d + 2*q = 45, -q + 6*q = 0. Let c = -30 - d. Let f = -4 - c. Calculate the highest common factor of 153 and f.
17
Let c(g) = 2*g**3 + 27*g**2 - 14*g + 6. Let y be c(-14). What is the greatest common factor of y and 762?
6
Let b = -233 + 223. Let i be 9/(b/11 + 1). What is the highest common divisor of i and 22?
11
Let l be (40/7)/((-26)/(-455)). Suppose 4*j = 36 + l. Calculate the greatest common factor of j and 34.
34
Suppose 17 = -4*c - 5*y, -5*c + 4*y + 24 + 6 = 0. Suppose d + c*d + 3 = 0. Let b be 167 - (-8)/(d - -3). What is the greatest common divisor of 19 and b?
19
Let l be (-12 - -12 - (13 - 5)) + 67. Calculate the greatest common divisor of 177 and l.
59
Let y = -174 + 223. Let w = 10 - -8. Let g = w + -11. Calculate the highest common factor of y and g.
7
Suppose 5*c = 5*v + 25, -18*c + 14*c - 5 = v. Let j be 90*-1*12/v. What is the highest common divisor of j and 16?
8
Let m(f) = 31*f - 66. Let n be m(10). Let t = n + -210. Calculate the greatest common factor of t and 646.
34
Suppose -2*i = -4*b + 7132, -5*b = -25*i + 26*i - 8908. What is the greatest common divisor of 66 and b?
66
Let w = -26 - -38. Let u be (2 + -5)*w/(-9). Suppose -5*b = -u*d + 51 - 148, -5*b - 5*d = -70. Calculate the greatest common divisor of 136 and b.
17
Let l = 11802 - 11418. What is the greatest common factor of 52 and l?
4
Let y = 34 + -4. Suppose 176 - 16 = 8*n. Calculate the greatest common factor of y and n.
10
Suppose -112 = -4*d + 2*d. Let w = 27600 + -27544. Calculate the highest common divisor of w and d.
56
Suppose 0*h + h = 3*w + 846, -2*w = 2*h + 572. Let v = w + 591. Let g(z) = 9*z - 35. Let o be g(7). What is the greatest common factor of v and o?
28
Suppose 28 = c + 4*c + 4*k, -k = -5*c + 18. Suppose -c*x - 2*m + 140 = 0, 0 = -3*x - 13*m + 8*m + 112. Calculate the greatest common factor of x and 85.
17
Let b be (6762*((-20)/(-4) - 4))/2. What is the highest common divisor of 69 and b?
69
Let w = -40894 + 40896. Calculate the greatest common divisor of 1756 and w.
2
Let y = 19 - -44. Let r be (1 - y)*(-9)/18 + 1. Suppose 2*h - 6*h = -r. Calculate the greatest common divisor of 20 and h.
4
Let n(t) = -10*t - 27 - 2*t - 5*t + 135. Let h be n(0). Calculate the highest common divisor of 270 and h.
54
Let d be ((-198606)/632)/((-3)/44). What is the greatest common divisor of 11 and d?
11
Let z be 3/3*(-2 + -167). Let a = -89 - z. Let j be -2*(-59 - -62)*30/(-9). What is the greatest common divisor of a and j?
20
Suppose -82 = -2*s - 16. Let q be (15 + -12)/((-3)/110). Let u be ((-294)/35)/(4/q). Calculate the highest common divisor of s and u.
33
Let k(r) = 208*r + 2769. Let u be k(-13). What is the greatest common factor of u and 1781?
13
Let x(p) = 21*p**2 - 52*p**2 + 3*p**3 + 12*p**2 - p + 13 + 12*p**2. Let q be x(3). Calculate the highest common factor of q and 672.
28
Let d(t) = -80*t - 19. Let j be d(4). Let i = j - -372. Calculate the highest common divisor of i and 231.
33
Let p be 1319 - (-27 - (-128)/8). What is the highest common divisor of p and 490?
70
Let q = 187 - 637. Let p = 548 + q. Calculate the highest common divisor of 14 and p.
14
Suppose 1 - 71 = -14*d. Suppose d*h - 16 = -11*h. Calculate the highest common factor of h and 59.
1
Let a = 39 - 29. Suppose -2*q + 94 + 296 = 5*t, 4*t - 340 = 4*q. Calculate the greatest common factor of a and t.
10
Let k(q) = -9*q**3 - q**2 + 11*q - 23. Let s be k(-6). Let m = 2879 - s. Calculate the greatest common divisor of m and 20.
20
Let v(o) = 11*o + 153. Let m be v(-12). Let g = m - -1. What is the highest common divisor of g and 297?
11
Let k = 1